late the highest common factor of o and 10.
10
Let v = -21 - -29. Let o = v - 4. Let r be 20/6 - 2/(-3). Calculate the highest common divisor of r and o.
4
Suppose 65 = 3*x - l, -3*x + 8*l - 3*l = -49. Calculate the greatest common factor of x and 161.
23
Let l = -16 + 21. Calculate the greatest common divisor of 40 and l.
5
Suppose -3*x + 193 = -80. What is the greatest common factor of 13 and x?
13
Let k = -49 + 103. Calculate the highest common divisor of k and 18.
18
Suppose -4*y = -0*y - 140. Suppose -2*x = -99 + y. Let t be (-1)/(-4) - (-573)/12. What is the greatest common factor of t and x?
16
Suppose 3*c = -0*c + 24. Suppose 4*b - 84 = 136. Let j = b - 23. Calculate the greatest common divisor of j and c.
8
Suppose -m + 80 = -2*m. Let n = 118 + m. Let q = 58 - 39. Calculate the highest common factor of n and q.
19
Let p(h) = 5*h + 15. Let u be p(16). Calculate the greatest common factor of 19 and u.
19
Let k(a) = -a + 4. Let j be 28/(-36) - (-2)/(-9). Let y be -3*((-3 - -3) + j). Let g be k(y). Calculate the greatest common factor of g and 2.
1
Suppose 0 = 2*s - 77 + 7. What is the highest common factor of s and 140?
35
Let i(h) = -h**3 - 6*h**2 - 10*h - 5. Let k be i(-4). Calculate the highest common factor of 6 and k.
3
Suppose 2*v = -0*v. Suppose v = -3*d + 93 - 39. Calculate the highest common divisor of d and 108.
18
Suppose -4*p = -p - 429. What is the greatest common divisor of 11 and p?
11
Let y(x) = x**3 + 4*x**2 - 2*x - 3. Let d be y(-4). Suppose 0*k = k - 1. Suppose 41 - k = 4*f. Calculate the greatest common factor of f and d.
5
Suppose 2*u + y = 3*y + 90, -3*y = 0. Let a(b) = b**2 + b. Let x be a(2). Suppose -i = -x*i + u. What is the greatest common factor of i and 36?
9
Suppose -45 = -6*s + 3*s. Suppose 0 = -2*a + a - 96. Let y = 24 - a. What is the highest common divisor of y and s?
15
Let u be (-2)/(-9) - 200/(-72). Suppose -u*t = t - 16. Calculate the greatest common factor of 12 and t.
4
Let w(m) = -m**3 - 4*m**2 - 4*m + 4. Let t be w(-4). Let q be 2/10 + 316/t. Let k be -2 + 1 + 0 + 81. What is the highest common factor of k and q?
16
Suppose -2*j + 4 = -a + 3*a, -4*a = -2*j - 26. Suppose -4*u - 3 = -3*u, -10 = -2*x + 2*u. Calculate the highest common divisor of x and a.
1
Let g(d) = -5*d + 6. Let h(x) = -x. Let p(k) = g(k) - 6*h(k). Let y be p(0). Calculate the greatest common factor of 15 and y.
3
Suppose -2*s + 4 = -2*f - 4*s, 5*s = -15. Let d(o) = -o + 5. Let y be d(0). Suppose l - 6 = c + 9, y*c = -20. Calculate the highest common divisor of f and l.
1
Let h be 8/32 + 15/4. Suppose h*s = 24 + 36. Calculate the greatest common divisor of s and 165.
15
Let c be 10 + (-16)/4 + -2. Suppose -9*s = -c*s - 100. What is the highest common divisor of s and 4?
4
Suppose 3*y = -4*c - 2*y + 39, -4*y = -2*c. What is the highest common factor of 24 and c?
6
Let b be (3 - 3 - 0)/3. Suppose b*f + 40 = f. Calculate the greatest common factor of f and 8.
8
Suppose 4*p - y - 102 - 153 = 0, 0 = -5*p + 5*y + 330. What is the greatest common factor of p and 9?
9
Let d(j) = j**2 - 79. Let g be d(0). Let p = -27 - g. Calculate the greatest common divisor of p and 13.
13
Let v(b) = -2*b - 2. Let u be (-3 - 1) + 15 + -14. Let i be v(u). What is the highest common divisor of 36 and i?
4
Suppose -5*q = -9*q + 68. What is the greatest common divisor of q and 17?
17
Let m(b) = b**3 + 6*b**2 + 4*b. Let y be m(-4). Suppose 6 = -a + y. Calculate the highest common factor of 5 and a.
5
Let r be (7 + -7)/((-4)/(-2)). Let n(f) = -f**2 + 9. Let w be n(r). Calculate the greatest common factor of 9 and w.
9
Suppose 4*y + 0*y = 80. Let v = 14 + -7. Let w(j) = 2*j - 9. Let h be w(v). Calculate the greatest common factor of h and y.
5
Let u(c) = -c**3 + 8*c**2 - 6*c. Let j be u(7). Let n be 5/1 - 6/(-3). What is the highest common factor of n and j?
7
Let c = 12 - -13. Suppose 0 = -4*z + 5*g + 35, -3*z + 2*z + 9 = -g. Calculate the greatest common factor of c and z.
5
Let i be ((-6)/4)/(1/(-2)). Let o be 54*i/(5 - -1). Suppose 10 = 4*f - 2. Calculate the highest common divisor of o and f.
3
Suppose -5*v - 15 = 0, 0 = d - 2*v - 15. What is the greatest common factor of 99 and d?
9
Let i be 2/(-7) - 573/(-21). Let l be (9/(-6))/((-3)/18). Calculate the highest common factor of i and l.
9
Suppose 0*i = -i + 3. Suppose -i*j + 48 = -j. What is the highest common factor of 6 and j?
6
Suppose -19 = -4*p + 1. Suppose p*o = 70 + 30. What is the highest common factor of o and 8?
4
Let b = -28 + 39. Calculate the highest common divisor of 55 and b.
11
Let b be -1 + 2 - -1 - (-61 - 1). What is the greatest common divisor of 96 and b?
32
Let r(h) = -h - 2. Let c(o) = -2*o - 7. Let m(j) = 6*c(j) - 21*r(j). Let s be m(12). What is the greatest common divisor of s and 12?
12
Let c = 126 - 76. Let s = c + 10. Let f be 120/6 + 1 + 3. What is the greatest common factor of s and f?
12
Suppose -5 = -2*q + 31. What is the greatest common factor of q and 126?
18
Suppose -2*v - 4*u = 1 - 5, 5*v = 4*u + 38. Suppose -4*i + 4*o = -84, 0 = -o - 2*o - v. What is the greatest common factor of i and 19?
19
Let g be (-18)/4*(-6)/9. Suppose 4*l - g*i - 325 = -l, 5*i = 5*l - 325. What is the greatest common divisor of l and 13?
13
Let p = 38 + -26. Calculate the highest common factor of p and 132.
12
Let h = 0 + 2. Suppose 5*d - 41 = 4*q - 0*q, 0 = h*q - 2. What is the highest common factor of 36 and d?
9
Suppose 406 = 6*y - 350. What is the greatest common factor of y and 54?
18
Let k = 142 + -77. What is the highest common divisor of 26 and k?
13
Let k(u) = -u**3 + u**2 + u + 3. Let l be k(0). Let z be l/(1/6*3). What is the highest common divisor of 6 and z?
6
Suppose 6*k = 2*k + 324. Let s = 7 + 5. Let w be ((-15)/12 - -2)*s. Calculate the highest common divisor of k and w.
9
Let z be (-4)/14*(2 - 12 - -3). Calculate the highest common divisor of z and 1.
1
Suppose -4*i + 5*b = -40, 0 = 3*i + 4*b - 3 + 4. Suppose -k - 4 = -i*k. Calculate the highest common divisor of 1 and k.
1
Suppose -252 = -3*u - i - i, 88 = u + 2*i. Suppose -3*r + 2*j = 7*j - u, 4*r - j - 94 = 0. Calculate the highest common divisor of 8 and r.
8
Suppose -r + 76 - 15 = 3*v, 2*r - 4*v = 102. What is the greatest common factor of r and 22?
11
Let b be 836/(-24) - 2/12. Let n = 63 + b. Calculate the highest common divisor of 4 and n.
4
Suppose 8*x - 3*x - 60 = 0. What is the highest common divisor of 3 and x?
3
Let c = 183 + -129. What is the greatest common factor of c and 6?
6
Let v = -2 - 1. Let k = v + 24. What is the greatest common factor of 3 and k?
3
Let l be (-21)/(-2)*(-12)/9. Let w be 4/l - 394/(-7). Suppose -13 = -4*p + 19. What is the greatest common divisor of w and p?
8
Suppose -82 = -5*h + k + 86, 0 = 5*h - 2*k - 171. Suppose -2*s + 88 = 2*s. What is the greatest common divisor of h and s?
11
Suppose -4*d - 4 = -5*d. Let g be 0 + 21 + d + -1. Calculate the greatest common factor of g and 6.
6
Let s(a) = -a**3 + 11*a**2 + 7*a + 13. Let c(j) = j + 11. Let x be c(0). Let d be s(x). What is the greatest common divisor of 18 and d?
18
Suppose 282 + 68 = 5*f. Let l = 134 - f. What is the greatest common factor of l and 8?
8
Suppose 0 = 7*a - 3*a - 176. Calculate the highest common factor of a and 4.
4
Let n = -43 - -163. What is the highest common divisor of n and 15?
15
Suppose 4*w = -5*f + 940, 5*w - w - 5*f = 980. Suppose 7*l = 3*l + w. Let v(x) = -4*x - 20. Let k be v(-8). What is the highest common divisor of l and k?
12
Suppose -3*v + 2*r = -55, 2*v = 6*v - r - 65. What is the greatest common factor of v and 135?
15
Suppose -2*z = -8 - 12. What is the highest common divisor of 130 and z?
10
Let j be (12/(-10))/((-6)/45). Suppose -5*y - j = -4. Let g be (-51)/(-3) - (-2 - y). Calculate the highest common divisor of 90 and g.
18
Let c be 13 + 9/(27/(-12)). What is the highest common factor of c and 63?
9
Let m = -3 + 4. Let p be (m - -6)/(2/4). What is the greatest common divisor of 28 and p?
14
Suppose -2*j = -7*j + 4*a + 180, 0 = 4*a. Calculate the greatest common divisor of 4 and j.
4
Let x(b) = 2*b**2 - b - 4. Let z be x(-4). Let i be (z/5)/((-12)/(-330)). Let h be ((-32)/(-10))/((-2)/(-10)). Calculate the highest common factor of h and i.
16
Let c(k) = 28*k. Let p be c(3). Suppose -3*r + 1